{"id":34851,"date":"2024-03-13T21:48:53","date_gmt":"2024-03-13T19:48:53","guid":{"rendered":"https:\/\/arabikey.com\/?post_type=arabic-name&#038;p=34851"},"modified":"2024-08-25T02:17:30","modified_gmt":"2024-08-25T00:17:30","slug":"abdelkarim","status":"publish","type":"arabic-name","link":"https:\/\/arabikey.com\/fr\/nom-arabe\/abdelkarim\/","title":{"rendered":"Abdel Karim \u2642\ufe0f"},"content":{"rendered":"<p><u>\u00c9criture alternative<\/u>: Abd al-Karim, Abdul Karim, Abdul Kareem, Abdul-Karim<\/p>\n<p><u>Genre<\/u>: masculin<\/p>\n<p><u>\u00c9criture arabe<\/u>: <b>\u0639\u0628\u062f \u0627\u0644\u0643\u0631\u064a\u0645<\/b><\/p>\n<hr class=\"wp-block-separator has-alpha-channel-opacity\" \/>\n<h2>La signification de Abdel Karim<\/h2>\n<p>Abdel Karim est d'origine arabe et signifie \" Serviteur du g\u00e9n\u00e9reux \". Ce pr\u00e9nom est d\u00e9riv\u00e9 de deux \u00e9l\u00e9ments, \"Abd\" signifiant serviteur ou esclave et \"Al-Karim\" l'un des 99 noms attributifs d'Allah signifiant g\u00e9n\u00e9reux. Dans la culture arabe, les pr\u00e9noms commen\u00e7ant par \"Abd\" v\u00e9hiculent une spiritualit\u00e9 et une d\u00e9votion profondes. Comme d'autres noms arabes commen\u00e7ant par \"Abd\", ils signifient l'humilit\u00e9 de la personne et sa r\u00e9v\u00e9rence \u00e0 Allah \u00e0 travers son titre et son nom.<\/p>\n<h2>Origines historiques<\/h2>\n<p>Le pr\u00e9nom Abdel Karim trouve ses racines dans la culture arabe et islamique. Il est compos\u00e9 d'Abd, un pr\u00e9fixe courant dans les noms arabes, et d'Al-Karim, l'un des 99 noms d'Allah dans la tradition islamique. Comme beaucoup de noms arabes et islamiques, il a une signification culturelle, spirituelle et religieuse, attribuant des attributs d'Allah \u00e0 celui qui le porte. Au fil du temps et des cultures, les variantes comprennent Abdul Karim et Abd al-Karim.<\/p>\n<h2>Popularit\u00e9<\/h2>\n<p>Le pr\u00e9nom Abdel Karim est populaire dans les pays \u00e0 majorit\u00e9 musulmane et dans les communaut\u00e9s arabophones du monde entier, refl\u00e9tant sa forte signification religieuse. Il est particuli\u00e8rement r\u00e9pandu au Moyen-Orient, en Afrique du Nord et dans certaines r\u00e9gions d'Asie, notamment en Arabie saoudite, en \u00c9gypte et en Indon\u00e9sie.<\/p>\n<h2>Personnalit\u00e9s c\u00e9l\u00e8bres<\/h2>\n<p><a href=\"https:\/\/en.wikipedia.org\/wiki\/Abdul-Karim_Qasim\" target=\"_blank\" rel=\"noopener\">Abdul-Karim Qasim<\/a> (47e Premier ministre de l'Irak)<\/p>","protected":false},"featured_media":35962,"menu_order":0,"template":"","format":"standard","meta":{"_acf_changed":false,"_wp_convertkit_post_meta":{"form":"-1","landing_page":"0","tag":"0","restrict_content":"0"},"_kad_post_transparent":"","_kad_post_title":"","_kad_post_layout":"","_kad_post_sidebar_id":"","_kad_post_content_style":"","_kad_post_vertical_padding":"","_kad_post_feature":"","_kad_post_feature_position":"","_kad_post_header":false,"_kad_post_footer":false,"_kad_post_classname":""},"starting-letter":[396],"ppma_author":[423],"class_list":["post-34851","arabic-name","type-arabic-name","status-publish","format-standard","has-post-thumbnail","hentry","starting-letter-a"],"acf":[],"_links":{"self":[{"href":"https:\/\/arabikey.com\/fr\/wp-json\/wp\/v2\/arabic-name\/34851","targetHints":{"allow":["GET"]}}],"collection":[{"href":"https:\/\/arabikey.com\/fr\/wp-json\/wp\/v2\/arabic-name"}],"about":[{"href":"https:\/\/arabikey.com\/fr\/wp-json\/wp\/v2\/types\/arabic-name"}],"wp:featuredmedia":[{"embeddable":true,"href":"https:\/\/arabikey.com\/fr\/wp-json\/wp\/v2\/media\/35962"}],"wp:attachment":[{"href":"https:\/\/arabikey.com\/fr\/wp-json\/wp\/v2\/media?parent=34851"}],"wp:term":[{"taxonomy":"starting-letter","embeddable":true,"href":"https:\/\/arabikey.com\/fr\/wp-json\/wp\/v2\/starting-letter?post=34851"},{"taxonomy":"author","embeddable":true,"href":"https:\/\/arabikey.com\/fr\/wp-json\/wp\/v2\/ppma_author?post=34851"}],"curies":[{"name":"wp","href":"https:\/\/api.w.org\/{rel}","templated":true}]}}

<p><u>Écriture alternative</u>: Abd al-Karim, Abdul Karim, Abdul Kareem, Abdul-Karim</p>
<p><u>Genre</u>: masculin</p>
<p><u>Écriture arabe</u>: <b>عبد الكريم</b></p>
<hr class="wp-block-separator has-alpha-channel-opacity" />
<h2>La signification de Abdel Karim</h2>
<p>Abdel Karim est d'origine arabe et signifie " Serviteur du généreux ". Ce prénom est dérivé de deux éléments, "Abd" signifiant serviteur ou esclave et "Al-Karim" l'un des 99 noms attributifs d'Allah signifiant généreux. Dans la culture arabe, les prénoms commençant par "Abd" véhiculent une spiritualité et une dévotion profondes. Comme d'autres noms arabes commençant par "Abd", ils signifient l'humilité de la personne et sa révérence à Allah à travers son titre et son nom.</p>
<h2>Origines historiques</h2>
<p>Le prénom Abdel Karim trouve ses racines dans la culture arabe et islamique. Il est composé d'Abd, un préfixe courant dans les noms arabes, et d'Al-Karim, l'un des 99 noms d'Allah dans la tradition islamique. Comme beaucoup de noms arabes et islamiques, il a une signification culturelle, spirituelle et religieuse, attribuant des attributs d'Allah à celui qui le porte. Au fil du temps et des cultures, les variantes comprennent Abdul Karim et Abd al-Karim.</p>
<h2>Popularité</h2>
<p>Le prénom Abdel Karim est populaire dans les pays à majorité musulmane et dans les communautés arabophones du monde entier, reflétant sa forte signification religieuse. Il est particulièrement répandu au Moyen-Orient, en Afrique du Nord et dans certaines régions d'Asie, notamment en Arabie saoudite, en Égypte et en Indonésie.</p>
<h2>Personnalités célèbres</h2>
<p><a href="https://en.wikipedia.org/wiki/Abdul-Karim_Qasim" target="_blank" rel="noopener">Abdul-Karim Qasim</a> (47e Premier ministre de l'Irak)</p>
