{"id":34905,"date":"2024-03-13T21:54:00","date_gmt":"2024-03-13T19:54:00","guid":{"rendered":"https:\/\/arabikey.com\/?post_type=arabic-name&#038;p=34905"},"modified":"2024-09-09T20:50:06","modified_gmt":"2024-09-09T18:50:06","slug":"abdelrakib","status":"publish","type":"arabic-name","link":"https:\/\/arabikey.com\/fr\/nom-arabe\/abdelrakib\/","title":{"rendered":"Abdel Rakib \u2642\ufe0f"},"content":{"rendered":"<p><u>\u00c9criture alternative<\/u>: Abd al-Raqib<\/p>\n<p><u>Genre<\/u>: Masculin<\/p>\n<p><u>\u00c9criture arabe<\/u>: <b>\u0639\u0628\u062f \u0627\u0644\u0631\u0642\u064a\u0628<\/b><\/p>\n<hr class=\"wp-block-separator has-alpha-channel-opacity\"\/>\n<h2>La signification de Abdel Rakib<\/h2>\n<p>Abdel Rakib est un pr\u00e9nom d'origine arabe qui signifie \" serviteur de celui qui veille \". Dans la foi islamique, ce pr\u00e9nom symbolise une personne au service de Dieu, le \"Veilleur\". Selon la structure linguistique arabe, le nom est compos\u00e9 de deux parties : \"Abd\", qui signifie \"serviteur\", et \"al-Raqib\", qui signifie \"Celui qui veille\". L'utilisation de \"Abd\" dans les noms arabes est assez courante et fait g\u00e9n\u00e9ralement r\u00e9f\u00e9rence \u00e0 un attribut particulier de Dieu dans l'Islam, ce qui fait d'Abdurraqib un nom spirituel et profond\u00e9ment significatif.<\/p>\n<h2>Origines historiques<\/h2>\n<p>Abdel Rakib trouve ses racines dans l'arabe classique et est utilis\u00e9 depuis les premiers jours de l'islam. Il tire son origine des 99 noms d'Allah, dont \"Al-Raqib\". Au fil des si\u00e8cles, ce nom a \u00e9t\u00e9 utilis\u00e9 par diff\u00e9rentes personnes dans le monde arabe. Compte tenu de ses connotations religieuses, il est rest\u00e9 principalement utilis\u00e9 par les communaut\u00e9s musulmanes. Bien que l'on trouve des porteurs de ce nom dans le monde entier, il peut appara\u00eetre sous diff\u00e9rentes variantes en fonction de la langue et du dialecte locaux.<\/p>\n<h2>Popularit\u00e9<\/h2>\n<p>Abdel Rakib est moins courant que les autres pr\u00e9noms \"Abdul\", mais il occupe une place unique au sein des communaut\u00e9s islamiques, en particulier dans les pays arabophones. Si son utilisation est plus concentr\u00e9e dans des r\u00e9gions comme le Moyen-Orient et l'Afrique du Nord, il trouve \u00e9galement sa place parmi les populations musulmanes d'Asie du Sud. Malgr\u00e9 sa relative raret\u00e9, la pr\u00e9sence de Abdel Rakib dans ces communaut\u00e9s t\u00e9moigne de la diversit\u00e9 et de la profondeur des traditions islamiques en mati\u00e8re d'attribution de noms.<\/p>","protected":false},"featured_media":33391,"menu_order":0,"template":"","format":"standard","meta":{"_acf_changed":false,"_wp_convertkit_post_meta":{"form":"-1","landing_page":"0","tag":"0","restrict_content":"0"},"_kad_post_transparent":"","_kad_post_title":"","_kad_post_layout":"","_kad_post_sidebar_id":"","_kad_post_content_style":"","_kad_post_vertical_padding":"","_kad_post_feature":"","_kad_post_feature_position":"","_kad_post_header":false,"_kad_post_footer":false,"_kad_post_classname":""},"starting-letter":[396],"ppma_author":[423],"class_list":["post-34905","arabic-name","type-arabic-name","status-publish","format-standard","has-post-thumbnail","hentry","starting-letter-a"],"acf":[],"_links":{"self":[{"href":"https:\/\/arabikey.com\/fr\/wp-json\/wp\/v2\/arabic-name\/34905","targetHints":{"allow":["GET"]}}],"collection":[{"href":"https:\/\/arabikey.com\/fr\/wp-json\/wp\/v2\/arabic-name"}],"about":[{"href":"https:\/\/arabikey.com\/fr\/wp-json\/wp\/v2\/types\/arabic-name"}],"wp:featuredmedia":[{"embeddable":true,"href":"https:\/\/arabikey.com\/fr\/wp-json\/wp\/v2\/media\/33391"}],"wp:attachment":[{"href":"https:\/\/arabikey.com\/fr\/wp-json\/wp\/v2\/media?parent=34905"}],"wp:term":[{"taxonomy":"starting-letter","embeddable":true,"href":"https:\/\/arabikey.com\/fr\/wp-json\/wp\/v2\/starting-letter?post=34905"},{"taxonomy":"author","embeddable":true,"href":"https:\/\/arabikey.com\/fr\/wp-json\/wp\/v2\/ppma_author?post=34905"}],"curies":[{"name":"wp","href":"https:\/\/api.w.org\/{rel}","templated":true}]}}

<p><u>Écriture alternative</u>: Abd al-Raqib</p>
<p><u>Genre</u>: Masculin</p>
<p><u>Écriture arabe</u>: <b>عبد الرقيب</b></p>
<hr class="wp-block-separator has-alpha-channel-opacity"/>
<h2>La signification de Abdel Rakib</h2>
<p>Abdel Rakib est un prénom d'origine arabe qui signifie " serviteur de celui qui veille ". Dans la foi islamique, ce prénom symbolise une personne au service de Dieu, le "Veilleur". Selon la structure linguistique arabe, le nom est composé de deux parties : "Abd", qui signifie "serviteur", et "al-Raqib", qui signifie "Celui qui veille". L'utilisation de "Abd" dans les noms arabes est assez courante et fait généralement référence à un attribut particulier de Dieu dans l'Islam, ce qui fait d'Abdurraqib un nom spirituel et profondément significatif.</p>
<h2>Origines historiques</h2>
<p>Abdel Rakib trouve ses racines dans l'arabe classique et est utilisé depuis les premiers jours de l'islam. Il tire son origine des 99 noms d'Allah, dont "Al-Raqib". Au fil des siècles, ce nom a été utilisé par différentes personnes dans le monde arabe. Compte tenu de ses connotations religieuses, il est resté principalement utilisé par les communautés musulmanes. Bien que l'on trouve des porteurs de ce nom dans le monde entier, il peut apparaître sous différentes variantes en fonction de la langue et du dialecte locaux.</p>
<h2>Popularité</h2>
<p>Abdel Rakib est moins courant que les autres prénoms "Abdul", mais il occupe une place unique au sein des communautés islamiques, en particulier dans les pays arabophones. Si son utilisation est plus concentrée dans des régions comme le Moyen-Orient et l'Afrique du Nord, il trouve également sa place parmi les populations musulmanes d'Asie du Sud. Malgré sa relative rareté, la présence de Abdel Rakib dans ces communautés témoigne de la diversité et de la profondeur des traditions islamiques en matière d'attribution de noms.</p>
