{"id":34933,"date":"2024-03-13T21:53:56","date_gmt":"2024-03-13T19:53:56","guid":{"rendered":"https:\/\/arabikey.com\/?post_type=arabic-name&#038;p=34933"},"modified":"2024-09-09T20:53:03","modified_gmt":"2024-09-09T18:53:03","slug":"afnane","status":"publish","type":"arabic-name","link":"https:\/\/arabikey.com\/fr\/nom-arabe\/afnane\/","title":{"rendered":"Afnane \u2640\ufe0f"},"content":{"rendered":"<p><u>\u00c9criture alternative<\/u>: Afnane<\/p>\n<p><u>Genre<\/u>: f\u00e9minin<\/p>\n<p><u>\u00c9criture arabe<\/u>: \u0623\u0641\u0646\u0627\u0646<\/p>\n<hr class=\"wp-block-separator has-alpha-channel-opacity\"\/>\n<h2>La signification de Afnane<\/h2>\n<p>Afnane est un \u00e9l\u00e9gant pr\u00e9nom arabe qui signifie \"branches\". M\u00e9taphoriquement, il signifie la croissance, l'expansion et les connexions, \u00e0 l'image de la fa\u00e7on dont les arbres \u00e9tendent leurs branches. En arabe, les branches d'un arbre symbolisent la force et la prosp\u00e9rit\u00e9, montrant la capacit\u00e9 de la vie \u00e0 rajeunir, \u00e0 s'\u00e9tendre et \u00e0 se connecter. La version plurielle, \"Afnane\", a une connotation suppl\u00e9mentaire d'abondance, ce qui ajoute de la profondeur \u00e0 la signification du nom.<\/p>\n<h2>Origines historiques<\/h2>\n<p>Afnane provient de la racine \"Fan\", utilis\u00e9e dans l'arabe classique pour d\u00e9signer diverses plantes ou arbres indiquant la beaut\u00e9 et la croissance naturelles. On retrouve souvent ce nom dans l'Arabie pr\u00e9islamique et islamique, symbolisant la beaut\u00e9 et le renouveau de la vie. Bien que ce nom soit principalement utilis\u00e9 dans les pays arabophones, il a franchi les fronti\u00e8res linguistiques dans d'autres cultures en raison de sa sonorit\u00e9 \u00e9l\u00e9gante et de sa signification importante.<\/p>\n<h2>Popularit\u00e9<\/h2>\n<p>Afnane est un pr\u00e9nom populaire dans le monde arabe, en particulier dans les pays du Golfe et en Afrique du Nord. Il a gagn\u00e9 en popularit\u00e9 dans les pays non arabophones \u00e0 population musulmane, comme le Pakistan et l'Indon\u00e9sie, en raison de son lien intrins\u00e8que avec la langue arabe et la culture islamique. Ces derni\u00e8res ann\u00e9es, sous l'influence de la mondialisation, l'utilisation du pr\u00e9nom Afnane s'est encore \u00e9tendue au monde entier.<\/p>\n<h2>Personnalit\u00e9s c\u00e9l\u00e8bres<\/h2>\n<p><a href=\"https:\/\/en.wikipedia.org\/wiki\/Afnan_Al-Shuaiby\" target=\"_blank\" rel=\"noopener\">Afnan Al-Shuaiby<\/a> (ancien secr\u00e9taire g\u00e9n\u00e9ral et directeur g\u00e9n\u00e9ral de la Chambre de commerce arabo-britannique)<\/p>","protected":false},"featured_media":33419,"menu_order":0,"template":"","format":"standard","meta":{"_acf_changed":false,"_wp_convertkit_post_meta":{"form":"-1","landing_page":"0","tag":"0","restrict_content":"0"},"_kad_post_transparent":"","_kad_post_title":"","_kad_post_layout":"","_kad_post_sidebar_id":"","_kad_post_content_style":"","_kad_post_vertical_padding":"","_kad_post_feature":"","_kad_post_feature_position":"","_kad_post_header":false,"_kad_post_footer":false,"_kad_post_classname":""},"starting-letter":[396],"ppma_author":[423],"class_list":["post-34933","arabic-name","type-arabic-name","status-publish","format-standard","has-post-thumbnail","hentry","starting-letter-a"],"acf":[],"_links":{"self":[{"href":"https:\/\/arabikey.com\/fr\/wp-json\/wp\/v2\/arabic-name\/34933","targetHints":{"allow":["GET"]}}],"collection":[{"href":"https:\/\/arabikey.com\/fr\/wp-json\/wp\/v2\/arabic-name"}],"about":[{"href":"https:\/\/arabikey.com\/fr\/wp-json\/wp\/v2\/types\/arabic-name"}],"wp:featuredmedia":[{"embeddable":true,"href":"https:\/\/arabikey.com\/fr\/wp-json\/wp\/v2\/media\/33419"}],"wp:attachment":[{"href":"https:\/\/arabikey.com\/fr\/wp-json\/wp\/v2\/media?parent=34933"}],"wp:term":[{"taxonomy":"starting-letter","embeddable":true,"href":"https:\/\/arabikey.com\/fr\/wp-json\/wp\/v2\/starting-letter?post=34933"},{"taxonomy":"author","embeddable":true,"href":"https:\/\/arabikey.com\/fr\/wp-json\/wp\/v2\/ppma_author?post=34933"}],"curies":[{"name":"wp","href":"https:\/\/api.w.org\/{rel}","templated":true}]}}

<p><u>Écriture alternative</u>: Afnane</p>
<p><u>Genre</u>: féminin</p>
<p><u>Écriture arabe</u>: أفنان</p>
<hr class="wp-block-separator has-alpha-channel-opacity"/>
<h2>La signification de Afnane</h2>
<p>Afnane est un élégant prénom arabe qui signifie "branches". Métaphoriquement, il signifie la croissance, l'expansion et les connexions, à l'image de la façon dont les arbres étendent leurs branches. En arabe, les branches d'un arbre symbolisent la force et la prospérité, montrant la capacité de la vie à rajeunir, à s'étendre et à se connecter. La version plurielle, "Afnane", a une connotation supplémentaire d'abondance, ce qui ajoute de la profondeur à la signification du nom.</p>
<h2>Origines historiques</h2>
<p>Afnane provient de la racine "Fan", utilisée dans l'arabe classique pour désigner diverses plantes ou arbres indiquant la beauté et la croissance naturelles. On retrouve souvent ce nom dans l'Arabie préislamique et islamique, symbolisant la beauté et le renouveau de la vie. Bien que ce nom soit principalement utilisé dans les pays arabophones, il a franchi les frontières linguistiques dans d'autres cultures en raison de sa sonorité élégante et de sa signification importante.</p>
<h2>Popularité</h2>
<p>Afnane est un prénom populaire dans le monde arabe, en particulier dans les pays du Golfe et en Afrique du Nord. Il a gagné en popularité dans les pays non arabophones à population musulmane, comme le Pakistan et l'Indonésie, en raison de son lien intrinsèque avec la langue arabe et la culture islamique. Ces dernières années, sous l'influence de la mondialisation, l'utilisation du prénom Afnane s'est encore étendue au monde entier.</p>
<h2>Personnalités célèbres</h2>
<p><a href="https://en.wikipedia.org/wiki/Afnan_Al-Shuaiby" target="_blank" rel="noopener">Afnan Al-Shuaiby</a> (ancien secrétaire général et directeur général de la Chambre de commerce arabo-britannique)</p>
