{"id":35549,"date":"2024-03-13T21:48:51","date_gmt":"2024-03-13T19:48:51","guid":{"rendered":"https:\/\/arabikey.com\/?post_type=arabic-name&#038;p=35549"},"modified":"2024-09-10T22:44:58","modified_gmt":"2024-09-10T20:44:58","slug":"nazim","status":"publish","type":"arabic-name","link":"https:\/\/arabikey.com\/fr\/nom-arabe\/nazim\/","title":{"rendered":"Nazim \u2642\ufe0f"},"content":{"rendered":"<p><u>\u00c9criture alternative<\/u>: Nadhim<\/p>\n<p><u>Genre<\/u>: masculin<\/p>\n<p><u>\u00c9criture arabe<\/u>: <b>\u0646\u0627\u0638\u0645<\/b><\/p>\n<hr class=\"wp-block-separator has-alpha-channel-opacity\"\/>\n<h2>La signification de Nazim<\/h2>\n<p>Nazim, en arabe, est un terme g\u00e9n\u00e9ral utilis\u00e9 pour d\u00e9signer un po\u00e8te, un auteur, un collectionneur, un enfileur de perles ou une personne droite et d\u00e9pourvue d'intentions malveillantes. Ce terme aux multiples facettes symbolise la cr\u00e9ativit\u00e9, la coh\u00e9rence et la droiture dans la culture arabe. L'importance accord\u00e9e \u00e0 la litt\u00e9rature et au collectivisme dans cette culture permet d'appr\u00e9cier consid\u00e9rablement les sous-entendus de ce nom.<\/p>\n<h2>Origines historiques<\/h2>\n<p>Les origines de Nazim remontent \u00e0 l'arabe classique, o\u00f9 il avait les m\u00eames connotations qu'aujourd'hui. Il \u00e9tait souvent attribu\u00e9 \u00e0 des personnalit\u00e9s de premier plan dans les domaines de la litt\u00e9rature et de la gouvernance. Au fil du temps, il a gagn\u00e9 en popularit\u00e9 dans les communaut\u00e9s islamiques non arabophones en raison de ses connotations fortes et vertueuses. Il existe des variantes du pr\u00e9nom Nazim. Si la forme \u00e9crite reste largement inchang\u00e9e, la prononciation varie selon les cultures et les langues.<\/p>\n<h2>Popularit\u00e9<\/h2>\n<p>Le pr\u00e9nom Nazim est principalement utilis\u00e9 par les communaut\u00e9s arabes du Moyen-Orient et d'Afrique du Nord. Il a conserv\u00e9 sa popularit\u00e9 au fil du temps et son usage s'est \u00e9tendu \u00e0 des pays islamiques non arabophones comme la Turquie, l'Iran et le sous-continent indien.<\/p>\n<h2>Personnalit\u00e9s c\u00e9l\u00e8bres<\/h2>\n<p><a href=\"https:\/\/en.wikipedia.org\/wiki\/Nazim_al-Qudsi\" target=\"_blank\" rel=\"noopener\">Nazim al-Qudsi<\/a> (homme politique syrien qui a \u00e9t\u00e9 pr\u00e9sident de la Syrie de 1961 \u00e0 1963)<\/p>","protected":false},"featured_media":35977,"menu_order":0,"template":"","format":"standard","meta":{"_acf_changed":false,"_wp_convertkit_post_meta":{"form":"-1","landing_page":"0","tag":"0","restrict_content":"0"},"_kad_post_transparent":"","_kad_post_title":"","_kad_post_layout":"","_kad_post_sidebar_id":"","_kad_post_content_style":"","_kad_post_vertical_padding":"","_kad_post_feature":"","_kad_post_feature_position":"","_kad_post_header":false,"_kad_post_footer":false,"_kad_post_classname":""},"starting-letter":[409],"ppma_author":[423],"class_list":["post-35549","arabic-name","type-arabic-name","status-publish","format-standard","has-post-thumbnail","hentry","starting-letter-n"],"acf":[],"_links":{"self":[{"href":"https:\/\/arabikey.com\/fr\/wp-json\/wp\/v2\/arabic-name\/35549","targetHints":{"allow":["GET"]}}],"collection":[{"href":"https:\/\/arabikey.com\/fr\/wp-json\/wp\/v2\/arabic-name"}],"about":[{"href":"https:\/\/arabikey.com\/fr\/wp-json\/wp\/v2\/types\/arabic-name"}],"wp:featuredmedia":[{"embeddable":true,"href":"https:\/\/arabikey.com\/fr\/wp-json\/wp\/v2\/media\/35977"}],"wp:attachment":[{"href":"https:\/\/arabikey.com\/fr\/wp-json\/wp\/v2\/media?parent=35549"}],"wp:term":[{"taxonomy":"starting-letter","embeddable":true,"href":"https:\/\/arabikey.com\/fr\/wp-json\/wp\/v2\/starting-letter?post=35549"},{"taxonomy":"author","embeddable":true,"href":"https:\/\/arabikey.com\/fr\/wp-json\/wp\/v2\/ppma_author?post=35549"}],"curies":[{"name":"wp","href":"https:\/\/api.w.org\/{rel}","templated":true}]}}

<p><u>Écriture alternative</u>: Nadhim</p>
<p><u>Genre</u>: masculin</p>
<p><u>Écriture arabe</u>: <b>ناظم</b></p>
<hr class="wp-block-separator has-alpha-channel-opacity"/>
<h2>La signification de Nazim</h2>
<p>Nazim, en arabe, est un terme général utilisé pour désigner un poète, un auteur, un collectionneur, un enfileur de perles ou une personne droite et dépourvue d'intentions malveillantes. Ce terme aux multiples facettes symbolise la créativité, la cohérence et la droiture dans la culture arabe. L'importance accordée à la littérature et au collectivisme dans cette culture permet d'apprécier considérablement les sous-entendus de ce nom.</p>
<h2>Origines historiques</h2>
<p>Les origines de Nazim remontent à l'arabe classique, où il avait les mêmes connotations qu'aujourd'hui. Il était souvent attribué à des personnalités de premier plan dans les domaines de la littérature et de la gouvernance. Au fil du temps, il a gagné en popularité dans les communautés islamiques non arabophones en raison de ses connotations fortes et vertueuses. Il existe des variantes du prénom Nazim. Si la forme écrite reste largement inchangée, la prononciation varie selon les cultures et les langues.</p>
<h2>Popularité</h2>
<p>Le prénom Nazim est principalement utilisé par les communautés arabes du Moyen-Orient et d'Afrique du Nord. Il a conservé sa popularité au fil du temps et son usage s'est étendu à des pays islamiques non arabophones comme la Turquie, l'Iran et le sous-continent indien.</p>
<h2>Personnalités célèbres</h2>
<p><a href="https://en.wikipedia.org/wiki/Nazim_al-Qudsi" target="_blank" rel="noopener">Nazim al-Qudsi</a> (homme politique syrien qui a été président de la Syrie de 1961 à 1963)</p>
